001001100111 (base 2) in base 11?
-35a3
-2722 (base 10) to base 7
-10636
-cd3 (base 14) to base 11
-19a7
Convert 103572 (base 8) to base 13.
12a2b
Convert 1915 (base 13) to base 2.
111010011000
Convert 815 (base 11) to base 15.
459
What is -8bb (base 13) in base 7?
-4251
370 (base 10) to base 12
26a
Convert -ba3 (base 12) to base 2.
-11010101011
Convert 1413 (base 16) to base 7.
20661
-1b238 (base 12) to base 5
-2240301
1b848 (base 12) to base 4
21333320
-484 (base 16) to base 10
-1156
-15a83 (base 11) to base 8
-54105
Convert -16832 (base 9) to base 10.
-11612
Convert -227 (base 13) to base 14.
-1c7
What is a5d (base 14) in base 8?
3773
Convert -43 (base 8) to base 5.
-120
What is 466 (base 10) in base 8?
722
What is -121112 (base 3) in base 13?
-284
-300 (base 5) to base 14
-55
Convert -150 (base 11) to base 4.
-2300
What is 778 (base 13) in base 8?
2402
What is -1020121 (base 3) in base 6?
-4111
Convert -34200 (base 5) to base 12.
-14a1
Convert -1116 (base 8) to base 3.
-210212
What is 775 (base 9) in base 2?
1001111011
What is 6066 (base 8) in base 11?
2392
What is -28676 (base 9) in base 12?
-b359
Convert -14324 (base 5) to base 8.
-2276
Convert 6134 (base 8) to base 6.
22352
What is -187 (base 15) in base 14?
-1b2
Convert -1003320 (base 5) to base 9.
-24052
-5707 (base 11) to base 6
-54433
-1440 (base 8) to base 11
-668
Convert 659 (base 12) to base 11.
779
-9 (base 10) to base 16
-9
What is -310233 (base 4) in base 11?
-2599
What is 15828 (base 9) in base 4?
2222000
Convert -22bc (base 16) to base 8.
-21274
Convert -277a (base 11) to base 7.
-13325
-116 (base 11) to base 6
-350
What is -212011 (base 3) in base 8?
-1161
Convert -3896 (base 13) to base 11.
-6073
-1c6 (base 15) to base 9
-506
522 (base 8) to base 6
1322
Convert -78813 (base 9) to base 6.
-1042403
Convert 421 (base 8) to base 7.
540
What is 13142 (base 5) in base 8?
2027
-275 (base 9) to base 14
-126
Convert -10101011001 (base 2) to base 3.
-1212201
Convert -5167 (base 12) to base 8.
-21237
2655 (base 9) to base 14
a26
What is 2315 (base 9) in base 11?
131a
What is cc48 (base 16) in base 14?
150b6
Convert a62 (base 13) to base 11.
136a
-822 (base 14) to base 6
-11222
What is 1222 (base 3) in base 2?
110101
22323 (base 4) to base 16
2bb
What is 1500 (base 7) in base 11?
495
What is -162566 (base 7) in base 13?
-11864
1221200 (base 4) to base 7
25454
What is 10ec (base 15) in base 8?
7015
63545 (base 7) to base 9
23488
Convert -203332 (base 4) to base 16.
-8fe
19c (base 14) to base 8
516
What is -40981 (base 12) in base 3?
-11021200121
-4b69 (base 12) to base 10
-8577
Convert -1020222022 (base 3) to base 12.
-123bb
50157 (base 9) to base 8
100252
Convert -20002 (base 3) to base 12.
-118
Convert -4b10 (base 12) to base 10.
-8508
What is 372 (base 13) in base 7?
1515
Convert -10101101 (base 2) to base 8.
-255
Convert 33 (base 7) to base 3.
220
What is 6304 (base 7) in base 12?
1341
Convert 13312 (base 4) to base 5.
4002
Convert 152524 (base 6) to base 2.
11101000100100
What is 1cd (base 16) in base 6?
2045
Convert -c2 (base 16) to base 9.
-235
Convert -11617 (base 15) to base 14.
-16272
-4033342 (base 5) to base 6
-1220115
Convert 2fe5 (base 16) to base 12.
7119
2442 (base 6) to base 12
422
-151440 (base 6) to base 4
-3210300
Convert 2011 (base 3) to base 15.
3d
What is -1022110 (base 4) in base 12?
-2904
What is 1010000011 (base 2) in base 5?
10033
What is -26151 (base 7) in base 10?
-6945
23312330 (base 4) to base 3
2110121222
What is 21202 (base 4) in base 3?
211121
What is -23 (base 10) in base 14?
-19
What is 651 (base 8) in base 7?
1145
Convert 3161 (base 15) to base 3.
112022201
-9520 (base 12) to base 6
-203240
What is -276a (base 13) in base 16?
-1621
925 (base 15) to base 9
2738
What is -10676 (base 8) in base 2?
-1000110111110
Convert -3141 (base 10) to base 5.
-100031
471 (base 10) to base 14
259
Convert 205 (base 8) to base 12.
b1
-21320 (base 4) to base 12
-448
What is -312 (base 4) in base 8?
-66
Convert -24 (base 11) to base 6.
-42
What is -459 (base 10) in base 6?
-2043
What is -1010000011 (base 2) in base 12?
-457
What is -46c (base 14) in base 13?
-529
Convert 110101111 (base 2) to base 3.
120222
Convert -2160 (base 7) to base 9.
-1053
1110021101 (base 3) to base 16
6fd6
-aa4 (base 12) to base 13
-934
11000011101011 (base 2) to base 14
47c7
-2111 (base 4) to base 8
-225
What is -692 (base 16) in base 15?
-772
What is -7eac (base 15) in base 8?
-64471
What is -336 (base 9) in base 3?
-101020
What is -18747 (base 12) in base 5?
-2114443
1021 (base 9) to base 12
524
-11103002 (base 4) to base 6
-244242
55661 (base 8) to base 10
23473
1054 (base 10) to base 13
631
Convert -3135 (base 10) to base 6.
-22303
Convert -5301 (base 7) to base 3.
-2120000
Convert -72c (base 14) to base 6.
-10312
Convert -1072 (base 8) to base 13.
-34b
What is -2487 (base 10) in base 13?
-1194
Convert 1000100 (base 2) to base 7.
125
-1ba (base 15) to base 2
-110010000
-71a7 (base 16) to base 8
-70647
What is -46db (base 16) in base 7?
-103612
Convert -2240 (base 5) to base 10.
-320
421044 (base 5) to base 16
364b
29c6 (base 16) to base 3
112200002
801 (base 13) to base 11
1020
Convert -10212220 (base 3) to base 7.
-11154
Convert 26263 (base 8) to base 2.
10110010110011
What is b47 (base 15) in base 9?
3434
-85ed (base 16) to base 8
-102755
What is -1230432 (base 5) in base 8?
-56473
-434452 (base 7) to base 16
-12904
Convert -201001 (base 3) to base 2.
-1000000010
100010011111 (base 2) to base 5
32312
What is -5313 (base 7) in base 10?
-1872
Convert 21322 (base 4) to base 5.
10014
-271 (base 9) to base 12
-16a
What is -278 (base 15) in base 2?
-1000110011
Convert -10b6 (base 14) to base 2.
-101101011000
What is 50300 (base 7) in base 11?
9148
Convert d125 (base 15) to base 5.
2403020
-211001 (base 3) to base 11
-4a1
What is -34321 (base 6) in base 12?
-29a1
69b (base 12) to base 16
3d7
What is 98 (base 15) in base 7?
263
Convert 11241 (base 6) to base 16.
649
-230 (base 9) to base 6
-513
Convert -32 (base 14) to base 13.
-35
-1059 (base 15) to base 3
-11202010
What is 16 (base 10) in base 7?
22
What is -102322 (base 4) in base 15?
-55a
Convert 11653 (base 10) to base 16.
2d85
What is 310103 (base 5) in base 3?
111202102
Convert -5037 (base 10) to base 7.
-20454
Convert -10000001100010 (base 2) to base 6.
-102214
What is 3603 (base 7) in base 10?
1326
-b71 (base 15) to base 12
-15b1
What is 3571 (base 8) in base 2?
11101111001
120320 (base 4) to base 8
3070
What is -646 (base 8) in base 16?
-1a6
Convert 311 (base 13) to base 7.
1343
Convert 56 (base 15) to base 12.
69
Convert -18330 (base 12) to base 9.
-53040
60254 (base 7) to base 14
542b
Convert 3ae8 (base 16) to base 6.
153452
-202020110 (base 3) to base 2
-11100110100010
-42354 (base 11) to base 4
-33003100
15080 (base 10) to base 7
61652
What is -3228 (base 16) in base 6?
-135240
What is -e0 (base 15) in base 6?
-550
Convert 7a4 (base 12) to base 8.
2154
-12548 (base 13) to base 16
-8444
What is 185b1 (base 12) in base 9?
53517
What is -106b (base 13) in base 9?
-3120
Convert 1346 (base 9) to base 12.
706
Convert -445 (base 10) to base 5.
-3240
What is -42321 (base 8) in base 10?
-17617
What is -3221 (base 4) in base 2?
-11101001
Convert -5b93 (base 13) to base 7.
-52540
Convert 109 (base 11) to base 4.
2002
Convert -385 (base 11) to base 14.
-248
-24105 (base 7) to base 15
-1ca3
What is 202201021 (base 3) in base 7?
62011
2c60 (base 13) to base 3
22220202
123553 (base 8) to base 9
64711
Convert a542 (base 13) to base 14.
8497
16a (base 15) to base 16
145
Convert 314 (base 6) to base 12.
9a
-1011001110 (base 2) to base 16
-2ce
-c8c0 (base 14) to base 11
-24053
Convert ba2 (base 13) to base 6.
13115
Convert 100111111110001 (base 2) to base 8.
47761
-1022112 (base 3) to base 4
-32333
544524 (base 6) to base 10
45124
What is ebae (base 15) in base 8?
141341
-2121 (base 13) to base 15
-1560
-894 (base 10) to base 11
-743
-111010111 (base 2) to base 9
-573
Convert 83eb (base 15) to base 6.
333052
-12d0 (base 15) to base 9
-5456
-552 (base 9) to base 10
-452
What is -740 (base 9) in base 7?
-1521
0 (base 6) to base 3
0
What is -13221 (base 8) in base 2?
-1011010010001
122111 (base 3) to base 4
13120
Convert -44605 (base 10) to base 11